{"id":2539,"date":"2017-09-08T23:31:30","date_gmt":"2017-09-09T02:31:30","guid":{"rendered":"https:\/\/fmauru.org\/site\/?page_id=2539"},"modified":"2018-04-16T16:28:58","modified_gmt":"2018-04-16T19:28:58","slug":"equipo-provincial","status":"publish","type":"page","link":"http:\/\/fmauru.org\/site\/?page_id=2539","title":{"rendered":"Equipo Provincial"},"content":{"rendered":"<p style=\"text-align: center;\"><a href=\"http:\/\/fmauru.org\/site\/?page_id=2541\">Pastoral Juvenil<\/a><\/p>\n<p style=\"text-align: center;\">Educaci\u00f3n<\/p>\n<p style=\"text-align: center;\">EACI<\/p>\n<p style=\"text-align: center;\"><a href=\"http:\/\/fmauru.org\/site\/?page_id=2549\">Comunicaci\u00f3n<\/a><\/p>\n<p style=\"text-align: center;\">Familia Salesiana<\/p>\n<p style=\"text-align: center;\">Formaci\u00f3n<\/p>\n<p style=\"text-align: center;\">Pastoral Vocacional<\/p>\n<p style=\"text-align: center;\">PEM<\/p>\n<p style=\"text-align: center;\"><a href=\"http:\/\/fmauru.org\/site\/?page_id=2557\" target=\"_blank\" rel=\"noopener\">JPIC<\/a><\/p>\n<p style=\"text-align: center;\">Exalumnos<\/p>\n<p style=\"text-align: center;\">Obras Sociales<\/p>\n<p style=\"text-align: center;\">Pastoral Familiar<\/p>\n<p style=\"text-align: center;\">Vides<\/p>\n","protected":false},"excerpt":{"rendered":"Pastoral Juvenil Educaci\u00f3n EACI Comunicaci\u00f3n Familia Salesiana Formaci\u00f3n Pastoral Vocacional PEM JPIC Exalumnos Obras Sociales Pastoral Familiar Vides","protected":false},"author":1,"featured_media":0,"parent":2376,"menu_order":0,"comment_status":"closed","ping_status":"closed","template":"","meta":{"footnotes":""},"class_list":["post-2539","page","type-page","status-publish","hentry"],"_links":{"self":[{"href":"http:\/\/fmauru.org\/site\/index.php?rest_route=\/wp\/v2\/pages\/2539","targetHints":{"allow":["GET"]}}],"collection":[{"href":"http:\/\/fmauru.org\/site\/index.php?rest_route=\/wp\/v2\/pages"}],"about":[{"href":"http:\/\/fmauru.org\/site\/index.php?rest_route=\/wp\/v2\/types\/page"}],"author":[{"embeddable":true,"href":"http:\/\/fmauru.org\/site\/index.php?rest_route=\/wp\/v2\/users\/1"}],"replies":[{"embeddable":true,"href":"http:\/\/fmauru.org\/site\/index.php?rest_route=%2Fwp%2Fv2%2Fcomments&post=2539"}],"version-history":[{"count":6,"href":"http:\/\/fmauru.org\/site\/index.php?rest_route=\/wp\/v2\/pages\/2539\/revisions"}],"predecessor-version":[{"id":2973,"href":"http:\/\/fmauru.org\/site\/index.php?rest_route=\/wp\/v2\/pages\/2539\/revisions\/2973"}],"up":[{"embeddable":true,"href":"http:\/\/fmauru.org\/site\/index.php?rest_route=\/wp\/v2\/pages\/2376"}],"wp:attachment":[{"href":"http:\/\/fmauru.org\/site\/index.php?rest_route=%2Fwp%2Fv2%2Fmedia&parent=2539"}],"curies":[{"name":"wp","href":"https:\/\/api.w.org\/{rel}","templated":true}]}}